site number?
False
Let h = 18 + -7. Let x(q) = 7*q**3 - 5*q**2 - 28*q + 3. Let n(b) = -b**3 + b. Let c(v) = 6*n(v) + x(v). Is c(h) a composite number?
False
Suppose -h = -2*j + 686706, -1716743 = -5*j - 53*h + 50*h. Is j a prime number?
False
Let r(i) = 3*i - 7. Let a be r(4). Suppose 4*q = -a*q + 3069. Is q prime?
False
Let t(k) = 16*k**3 + 6*k**2 - 30*k - 55. Let j be t(21). Suppose -2*g - 2*g = -3*y - 150131, -4*g + j = -y. Is g prime?
False
Is 57124 + 1/4*-20 prime?
True
Suppose 0 = 31*t - 30*t - 57. Let v = 3356 - t. Is v a composite number?
False
Let l(q) = -q**3 + 8*q**2 + 50*q - 28. Let y be l(12). Is y + 1365 + 0/((-30)/6) prime?
True
Suppose -546*p + 549*p = -u + 72568, 3*p - 3*u = 72588. Is p composite?
True
Let u = 1680652 + -653571. Is u prime?
False
Let h(p) = 13182*p + 53. Suppose 4*q + a = 2, 18*q - 17*q + a = -1. Is h(q) a composite number?
True
Let i = 1843150 - 808569. Is i a prime number?
True
Suppose -w + l - 14 = 0, -2*w = 3*l - 5 + 8. Is ((-20713)/(-21))/((-3)/w) a prime number?
False
Let c(a) be the third derivative of -805*a**4/24 - 19*a**3/2 + 52*a**2 - 2. Is c(-4) composite?
False
Let a(d) = 4*d. Let b(y) = -150*y - 5. Let k(l) = a(l) - b(l). Let z be 4/1*(-3)/(-4). Is k(z) composite?
False
Let n(v) = -8463*v**3 + 3*v**2 + 17*v + 61. Is n(-3) a prime number?
False
Let g(a) = a**2 + 11*a + 6. Let y be g(-9). Let w be (-6122)/y + 4/(-24). Let b = 767 - w. Is b a composite number?
False
Let t(y) = -36*y - 10. Let o(h) = -72*h - 21. Let k(w) = 3*o(w) - 5*t(w). Let c be k(-11). Suppose -5*v + c = -4*v. Is v prime?
True
Suppose -5*n - 3*k + 64246 = 0, -5*k + 51389 = -484*n + 488*n. Is n prime?
False
Let z(b) = -447*b + 95. Suppose 2*o + 36 = 2*y, 5*y - 36 = -11. Is z(o) prime?
False
Suppose 258*t - 36 = 249*t. Suppose 0 = -t*z + 23583 + 989. Is z a prime number?
True
Let n(b) = 32374*b**2 + 255*b + 9. Is n(-4) prime?
True
Suppose 3*f = 14*f - 55. Suppose 21 = f*n + 5*w - 2*w, 0 = 5*n + 2*w - 19. Suppose -n*b + 487 = -2*b. Is b composite?
False
Let g be (2/(-3))/2 - 20/(-6). Suppose -g*w + 14 = -y, -6*y = 2*w - 10*y - 26. Suppose -a = -w*z + 2496, -4*z + 2217 = a - 1104. Is z prime?
False
Let m = 9090 + 6925. Is m a prime number?
False
Suppose -2*q - p + 68 = 0, 6*q + 3*p - 138 = 2*q. Let j = -30 + q. Suppose d - 615 = z, j*d + d = -3*z + 2446. Is d a composite number?
False
Suppose -2*o = o + 3. Let r(m) be the second derivative of 131*m**4/2 + m**3/6 + m**2 - m - 268. Is r(o) composite?
False
Suppose -9*d + 2 = -43. Suppose 0 = k - 5*k - 3*j + 43357, -2*j = d*k - 54205. Is k a prime number?
False
Let p(a) = -295*a + 7 - 263*a + 444*a. Is p(-11) prime?
False
Let x(i) = -124*i - 523. Is x(-14) composite?
False
Let n(v) be the second derivative of -4*v + 0 - 1/4*v**5 + 1/4*v**4 + 0*v**3 + 7/2*v**2. Is n(-5) a composite number?
True
Is -61*47790/(-15) + -5 prime?
False
Let q = 52 - 23. Let c be (-60 - 2)/(68/(-8) + 8). Suppose -c = -o - q. Is o a composite number?
True
Let h be 282/(-8)*18756/(-27). Let c = -14156 + h. Is c prime?
True
Let k(b) = b + 10. Let s be k(-10). Suppose 15*n - 38531 + 6746 = s. Is n a prime number?
False
Suppose 4*c = 9*c - 4*p - 210275, 5*c - 3*p - 210280 = 0. Is c a prime number?
False
Let z = 10967 + -2758. Is z composite?
False
Suppose -3*u + 4*i = -338121, i + 183092 = 5*u - 380460. Is u a prime number?
False
Let v(r) = -r**2 + 5*r - 2. Let j be v(6). Let n(u) = 20*u**2 - u - 3. Let f(w) = -41*w**2 + w + 6. Let q(l) = 4*f(l) + 9*n(l). Is q(j) composite?
False
Suppose -4*w + 20994 = -0*i + 2*i, -3*w = -2*i + 20959. Let z = 18388 - i. Is z composite?
False
Let s = -1139 + 87. Let z = 1827 - s. Is z a composite number?
False
Suppose 4*h + 320 + 192 = 2*r, -4*h + r = 510. Let i = 216 + h. Is i composite?
False
Let j be ((-6)/(-4))/((-1)/(-2 + 4)). Let h = -60 + j. Is 4479/21 + 3*6/h prime?
False
Let l = 1722 - 1136. Let o be (40 - 41)/(0 + (-2)/l). Suppose -3*d + 2*d = -o. Is d a composite number?
False
Suppose 1923830 = 5*u + 5*t, -84 = -4*t - 88. Is u composite?
True
Let i(n) = 64*n**2 - 2*n + 2. Let j be i(1). Suppose j*c = 66*c - 7934. Is c prime?
True
Suppose -f + 691 = -0*f. Let p be 2 + (-2)/(-6)*9. Suppose -f = -3*c + 5*q + 3208, p*q + 20 = 0. Is c a composite number?
True
Let a(h) = -6*h**3 - 10*h**2 + 12*h**2 + 9*h**2 - 4*h + 18. Is a(-8) a prime number?
False
Let b be (-2)/((-4)/170) + -5. Let f = b + 257. Is f prime?
True
Let s(o) = 2*o**2 - 20*o + 86. Let t be s(5). Is 122137/9 + 8/t prime?
False
Suppose 3*x + h - 1097938 = 206764, -2*h = 4*x - 1739598. Is x a prime number?
False
Let k = -19935 - -211926. Suppose 0 = 7*p - 76424 - k. Is p composite?
True
Suppose -8*b - 3*b + 567564 + 7759073 = 0. Is b a prime number?
True
Suppose 5*n = -2*v + 4105 + 108226, -n = 4*v - 224725. Is v prime?
False
Is (-42238 - -2)*(-56)/(-112)*1/(-2) composite?
False
Suppose 26 = -3*j - 10*j. Is (j/(-3))/((-10)/(-43905)) composite?
False
Suppose 91238 = 61*n - 13011. Is n composite?
False
Suppose -5*l - 3*h + 316226 = 0, -1206*l = -1205*l - h - 63234. Is l a composite number?
False
Let n(r) = r**3 + r**2 + r + 1. Let o(x) = 16*x**3 + 7*x**2 + 5*x + 4. Let a(h) = -3*n(h) + o(h). Let b be a(-3). Let q = 69 - b. Is q composite?
False
Let q(h) = -4 + 2 - 1 + 1 - 3*h + 32*h**2. Let b = -87 + 86. Is q(b) a composite number?
True
Suppose 0*i - 3*i = -1083. Suppose -141 = 2*a - i. Suppose 0 = 14*b - 9*b - a. Is b composite?
True
Suppose 0 = -7*l + 3*l + 3*u + 57136, 3*u = -12. Is l prime?
True
Let s = -177211 + 460896. Is s prime?
False
Let i(b) = -b**3 - 6*b**2 - 5*b. Let d be i(-5). Suppose -47 = 3*u - x, d*u = -5*u + 5*x - 65. Let a(v) = -4*v + 26. Is a(u) a prime number?
False
Let i = 283 - 299. Let q(k) = -7*k**3 - 18*k**2 + 6*k - 75. Is q(i) composite?
False
Suppose 7*t - 2*t - 15 = 0, -u - 4*t = -4383. Suppose 3792 = 9*s - u. Is s prime?
True
Let u be -5 - 1 - 2874/(1 + 5). Let z = 1458 - u. Is z a composite number?
True
Let s(a) = a**3 - a**2 - 2*a + 557. Let x be (20/(-8))/(2/(-12)). Suppose -3*d - 4*y - 15 = -3, -d = 5*y + x. Is s(d) a prime number?
True
Suppose 24*n - 29*n + 1719810 = -5*d, 4*n = -5*d + 1375893. Is n a prime number?
False
Suppose 14*g = 251 + 1. Suppose -16788 = 4*p - 6*s + s, 2*p + s + 8394 = 0. Is (3/(g/4)*p)/(-2) a composite number?
False
Suppose 6*r = -11*r. Suppose 10*i - 66120 - 119270 = r. Is i prime?
True
Is 3/((-120)/(-4))*-2 + 1631096/5 a prime number?
True
Let a = 117971 - 56230. Is a composite?
True
Suppose 5*s - 198 = 247. Let k be (s/(-3) - 3)/((-8)/12). Suppose 2*u - 359 = -k. Is u a composite number?
True
Suppose -1470 = -7*i + 11*i - 2*w, -4*i - 2*w = 1458. Let j = 2137 - i. Is j prime?
True
Suppose 17056 = 7*n + k, 2*n - 21*k - 4871 = -22*k. Is n a composite number?
False
Suppose 3*r + 3*p - 3 = 0, -4*p - 28 = -4*r - 0*r. Suppose -r*u - 97 = -q + 64, -5*q = -2*u - 733. Is q a prime number?
False
Let m be ((-11)/2)/(-11)*-35468. Is m/(-8) + (-2)/(-8) a composite number?
True
Suppose 17217 = 5*w - 84438. Suppose 8*o = b + 13*o - 5104, 0 = -4*b - 3*o + w. Is b a composite number?
True
Let c = -7341 + 19180. Let h = -4113 + c. Is h prime?
False
Let u(s) be the third derivative of 85*s**5/6 + 25*s**4/12 - s**3/6 - 210*s**2. Is u(4) composite?
False
Let j(a) = -7940*a + 11. Let s(n) = 7940*n - 13. Let u(h) = 3*j(h) + 4*s(h). Is u(3) prime?
True
Suppose 0 = -190*q + 184*q + 30. Suppose 0 = 2*c - 14*s + 13*s - 1353, 0 = s - q. Is c prime?
False
Let c(h) = 1986*h + 16. Suppose 10*y - 24 = 4*y. Let a be c(y). Is 3/5 + a/25 prime?
False
Suppose -90090 = -5*q - 5*o, -4*q - 135*o + 136*o = -72087. Is q a prime number?
False
Suppose 2*s - 596 = -3*k, -2*k + 0*s = -5*s - 429. Suppose 2*y + x - k = -x, 107 = y + 4*x. Let t = 178 - y. Is t a composite number?
False
Suppose 157*x = 201*x - 1343276. Is x a composite number?
False
Suppose -141*o + 18660 = -135*o. Suppose -4*j - 5*x - 1996 = -14457, j + 3*x = o. Is j composite?
False
Suppose -v = -4*g - 21905, -g - 25975 = -4*v + 61675. Is v prime?
False
Suppose -5271 = -3*q + 3*v, 7129 - 116 = 4*q - v. Is -6 + 12 + 1 + q prime?
True
Suppose 15 = 5*a, 0 = -5*c + 4*a + 8112 - 939. Let h = 2099 - c. Is h a prime number?
False
Let l(y) be the third derivative of -73*y**6/720 - 7*y**5/12 + 31*y**4/24 - 21*y**2. Let q(a) be the second deriv